-17. What is j(l)?
-4
Let m(n) be the second derivative of n**5/20 - n**4/4 - 7*n**3/6 - 5*n**2/2 - 13*n. Let b be m(-1). Let w(g) = g - 2. What is w(b)?
-4
Suppose 5 - 96 = -13*h. Let l(g) = 6*g**2 + 2*g + 1 - 1 + h + 7*g**2 - 8. Calculate l(1).
14
Let v = 2469 - 2450. Let u(l) be the first derivative of l**2/2 - 23*l - 3. Calculate u(v).
-4
Suppose -8 + 68 = 10*z. Let i(w) = 2*w + 21*w**2 - z*w**2 - 7*w - 14*w**2 + 2. What is i(4)?
-2
Let m be ((0 + 28)/2)/(-2). Let g(z) = -579 - 587 - 5*z**3 + 4*z**3 + 1745 - 6*z**2 + 7*z - 582. Determine g(m).
-3
Let b(p) = -p**2 - 7*p - 4. Let k be b(-6). Let w(t) = t**2 + 6*t + 19. Let v be w(-4). Let s(o) = v + 10 - 6*o - 25 + 5. Determine s(k).
-11
Let g(c) = -2*c**3 - 6*c**2 - 12*c. Let m(d) = -3*d**3 - 11*d**2 - 23*d - 4. Let q(n) = 5*g(n) - 3*m(n). Let u be q(5). Let l(x) = -x**2 + 8*x - 5. Give l(u).
2
Let p = 61 + -51. Let t(r) = -5*r**3 + 8*r**2 + 5*r + 18. Let n(o) = 7*o**3 - 7*o**2 - 6*o - 22. Let z(k) = 2*n(k) + 3*t(k). What is z(p)?
40
Let d be (37 + -52 - (2 - 1)) + 8. Let x(v) = -v**2 - 9*v - 11. Determine x(d).
-3
Let n be -18 + 8 + (-3 - -18). Let r(q) be the second derivative of 0 + q - 1/6*q**3 + 3/2*q**2. What is r(n)?
-2
Let u(j) = 3*j - 9. Let z(a) = -a + 2. Let b(m) = -u(m) - 2*z(m). Let i(h) = -h + 6. Let k(d) = -3*b(d) + 4*i(d). Calculate k(7).
2
Let u = -2579 + 2581. Let o(n) be the second derivative of -n**5/20 + n**4/12 + n**2 - 5*n. Determine o(u).
-2
Let j(y) = -7*y**3 - 2*y + 5. Let n(p) = -2*p**3 + 1. Let x(c) = -j(c) + 4*n(c). Determine x(1).
0
Let v = -3780 - -3773. Let n(i) = 7*i + 50. Determine n(v).
1
Let m be ((-44)/(-8) - 0)/((-1)/2) + 1. Let b(n) = -n - 12. Calculate b(m).
-2
Suppose -5 = 10*d + 45. Let c be (-3)/(d - (-32)/7). Let y(j) = -j**2 + 10*j - 7. Determine y(c).
14
Suppose 4*o = -5*w - 38, 3*w = -o - 2*w - 17. Let q(l) be the first derivative of l**2/2 - 2603. Calculate q(o).
-7
Let n(q) = -7*q**2 - 12*q + 23. Let v(u) = -u**2 - 2*u + 4. Let r(y) = -n(y) + 6*v(y). Let l be ((-18)/(-45))/(2/5). Determine r(l).
2
Suppose -11*t + 54 + 45 = 0. Let g(l) = -6 + t*l + 0 + 2 + 8. Let o(k) = -4*k - 2. Let r(s) = 3*g(s) + 7*o(s). Calculate r(0).
-2
Let g(c) = 17*c**2 + c. Let a(m) = 43*m**2 + 2*m - 2. Let v(b) = -4*a(b) + 10*g(b). Calculate v(3).
-4
Let a(p) = 4*p**2 - 13*p + 57. Let l(v) = -5*v**2 + 16*v - 76. Let b(y) = 4*a(y) + 3*l(y). Give b(7).
21
Let q(f) = f**2 - 69*f - 536. Let s(u) = -u**2 + 348*u - 11787. Let t be s(38). Determine q(t).
-4
Let i(k) = 2*k + 33. Let n = -19 + 9. Let s be i(n). Let y(w) = -6*w**2 + w**2 - s*w - 1 - 6*w + 20*w. Calculate y(1).
-5
Let m(i) = -3*i + 7. Let b(h) = -4*h. Let g(p) = -b(p) + m(p). Give g(2).
9
Let z = 52 + -33. Suppose -z = 5*p + 1. Let w(h) = 7*h + 24. Let q be w(p). Let f(m) = -4*m - 6. Give f(q).
10
Let p(a) = a - 525. Let v(u) = -u - 700. Let d(k) = 9*p(k) - 7*v(k). Give d(-11).
-1
Let f(i) = 58*i + 243. Let a(u) = 19*u + 91. Let t(o) = -8*a(o) + 3*f(o). Determine t(2).
45
Let n(c) = -c**2 - 7*c + 5. Let g(o) be the third derivative of 17*o**4/24 + 47*o**3/3 + 7*o**2. Let d be g(-6). What is n(d)?
-3
Let g(m) = -9*m. Suppose 0 = 217*r - 187*r - 90. Let b be 4/14 - (-768)/7. Let c be 1/2*r - b/44. Give g(c).
9
Let l(i) = 1 + 2*i - 2*i + i - 5*i. Suppose -17 = 3*x - x - 3*o, 2*x = -2*o - 2. Calculate l(x).
17
Let a(v) = -58*v - 969. Let y(m) = -46*m - 728. Let i(f) = -10*a(f) + 13*y(f). Determine i(13).
-8
Let v be 1 + (-3216)/180 - 6/45. Let s(f) = 31 + 19*f - f**3 - 7*f**2 - 10*f**2 + f**2. Give s(v).
-3
Let f = 69 + -65. Let i(a) = 1 - f + 4*a - 1 + a**2. Let q(r) = r. Let o(d) = -i(d) + 4*q(d). Give o(3).
-5
Let d(o) = 5*o**3 + 2*o**2 - o. Let r(u) = 5*u**3 + 8*u**2 - 6*u - 5. Let m be r(-3). Let c be (-110)/m + ((-48)/15 - -3). Give d(c).
46
Suppose -45*u - 485 = -142*u. Let i(b) be the second derivative of -3*b + 1/6*b**3 - 5/2*b**2 + 0. What is i(u)?
0
Let z(l) = 2*l**3 + 36*l**2 + 65*l + 16. Let b be z(-16). Let p(w) = -2*w + 6. Give p(b).
6
Let t(i) = -i**3 - 3*i**2 + 3. Suppose -2*y + 3*l - 10 = 0, 6*y - 9*y - 2 = 2*l. What is t(y)?
-1
Suppose -80*q = 5*i - 78*q - 37, -4*q = 3*i - 53. Let s = 11 + -8. Let b(x) = 4*x**3 - x**2 - 5*x - 5*x**3 + 4 + s*x**2. Calculate b(i).
-20
Let s(j) = j**2 + 10*j - 26. Let a = 61 - 75. Let u be 170/a + 72/504. Give s(u).
-2
Let m(o) = 9143*o - 4554*o - 2 - 4577*o + 7*o**2 - 11 - o**3. What is m(8)?
19
Let x(h) = -h**3 - 7*h**2 - 2*h + 1. Let f(j) be the third derivative of j**6/120 + 2*j**5/15 + j**4/8 + j**2 + 4*j. Let i(a) = -2*f(a) - 3*x(a). What is i(-5)?
-3
Let t(o) = -44 - 4 - 55 + 89 + 6*o - 21 + o**2. Calculate t(-9).
-8
Suppose 147*s - 146*s = -3*o + 11, 2*o = 6. Let m(a) = 3*a**3 + a**2 - 4*a + 5. Give m(s).
25
Let d(h) = -17*h**3 + 11*h**2 - 13*h - 15. Let c(w) = 10*w**3 - 7*w**2 + 7*w + 7. Let p(u) = -5*c(u) - 3*d(u). Calculate p(-2).
2
Let o(d) = -5*d**3 - 32*d**2 + 13*d - 6. Let x(h) = h**3 + 6*h**2 - 3*h + 1. Let t = 331 - 320. Let v(q) = t*x(q) + 2*o(q). Determine v(-4).
-5
Suppose -27 = -3*b - 0. Let m(a) be the first derivative of -a**4/4 + 3*a**3 - a**2 + 7*a - 94. Calculate m(b).
-11
Let j(q) be the third derivative of -q**6/120 - q**5/10 + q**4/6 - 5*q**3/3 + 142*q**2. Suppose 3 = 3*v + 24. Calculate j(v).
11
Suppose -3*s + 24*o = 28*o - 8, 0 = 3*s - 3*o + 6. Suppose 4*z + 20 = -s*l - 4*l, 5*z = 3*l - 25. Let a(y) = 3*y + 8. What is a(z)?
-7
Let j = -5212 - -5213. Let c(a) = -60*a - 1. Calculate c(j).
-61
Let x(j) = j**3 + 7*j**2 + 6*j - 6 + 0 + 4 + j. Let r = 25 - 26. Let y be r*(-3 + 10 + -1). Determine x(y).
-8
Suppose -58*v = 96*v - 6468. Let t(l) = -7*l + 297. Give t(v).
3
Let w(u) = 38*u**3 + 2*u**2 + 2*u - 1. Suppose -19*s - 31*s = -13*s + 37. Give w(s).
-39
Suppose -6*v - a = -3*v + 1, -2*v - 24 = -4*a. Let w be (42/(-28))/(v/12). Let h(z) = -3*z + z**2 + 3 + 10 - 9 + w*z. Calculate h(-7).
11
Let s(w) = 3*w**3 - 16*w**2 - 11*w - 19. Let n(j) = -4*j**3 + 18*j**2 + 11*j + 15. Let k(b) = -2*n(b) - 3*s(b). What is k(13)?
1
Let r(k) = k**3 - 16*k**2 + 25*k - 19. Let c be (-50960)/(-3276) + 28/(-18). Give r(c).
-61
Let t be (5/2)/(19/38). Suppose -z - t*j + 5 = -7*j, -2*j = 2*z + 2. Let s(v) = -12*v. Determine s(z).
-12
Let d(n) = -24*n**2 - 6*n + 371*n**2 - 326*n**2 - 22*n**2 - 3. Let m(u) = 2*u + 6. Let x be m(-6). Give d(x).
-3
Suppose 3*p + 189 - 210 = 0. Suppose 2*u = 4*a, -5*a + 3*a = u - 8. Let x(n) = -3 - 3*n - p - a + 8. Give x(-4).
8
Let k be -1 + (9 - 8) + (-13)/1. Let o(j) = j**2 + 11*j - 25. Calculate o(k).
1
Let w(k) = -k - 5. Suppose 5*n - 26 = 4*j, 5*n - 10 - 12 = 3*j. Suppose 2*x = n*b + 210, -4*x + 103 = 2*b - 347. Let u = 105 - x. Give w(u).
0
Let n(x) = -27*x**2 - 7*x - 9. Let m(q) = -47*q**2 - 12*q - 18. Let z(g) = -4*m(g) + 7*n(g). Suppose -5*t + 4*t - 4 = 0. What is z(t)?
-3
Let u(s) = 1. Let a(x) = -x - 11. Let m(i) = -a(i) - 4*u(i). Suppose -4*j + 3*v = 4967, 18*v = 2*j + 21*v + 2479. Let r = j - -1241. What is m(r)?
7
Let h = 3282 - 3287. Let n(g) = -g**3 - 6*g**2 + 2*g + 1. Calculate n(h).
-34
Suppose -f + 4*a + 12 = 0, 0 = 2*f + f + 5*a + 32. Let d(i) = i + 2. Let r be d(0). Let s(c) = 45*c**3 - 89*c**3 - 4*c**r + 43*c**3 - 1. Give s(f).
-1
Let u(y) = -y + 20. Let g be u(10). Let w(q) = -q**3 + 10*q**2 + q - 1. Let h be w(g). Let a(t) = -7*t + 11 - 28 + h*t + 9. Calculate a(6).
4
Let n(o) = -62 - 2*o**2 - 95*o - 91*o + 294*o - 75*o. Determine n(14).
8
Let u(a) = -21*a + 100. Let d = -12975 + 12982. Give u(d).
-47
Let p = 133 - 130. Suppose -3*n - 15 = -3*x, -p*n + 4*x = -7*n - 20. Let f(m) = m**3 + 5*m**2 - 6. Calculate f(n).
-6
Let p(f) = -f**3 - 7*f**2 - 7*f - 6. Let m be p(-6). Suppose -5 = t - m. Let y(k) = 678*k - 679*k - 628 + 630. Give y(t).
7
Let k(m) be the second derivative of m**5/5 + m**4/4 + m**3/6 - 2*m**2 + m - 4541. What is k(-2)?
-26
Let a(x) = -x**2 + x + 10. Suppose 36 = 2*q - 3*w, -w + 81 - 78 = q. What is a(q)?
-62
Let c(v) = -3*v + 856672 - 856672. Suppose -5*b + 28 = -w + 4*w, 3*b + 6 = 2*w. Give c(w).
-18
Let l(d) = -d**3 - 3*d**2. Suppose -20*v = -1354 - 1726. Let i = -158 + v. Determine l(i).
16
Let m(f) be the first derivative of 5*f**2 - 6*f - 84 + 1/4*f**4 - 3*f**3. Calculate m(8).
10
Suppose 90 = -3*f + 12*f. Let s be (0 - (-32)/f)/(14/35). Let c(h) = 13*h + 8 + 2*h - s*h - h**2. Give c